{"id":11,"date":"2007-03-29T18:19:49","date_gmt":"2007-03-29T17:19:49","guid":{"rendered":"http:\/\/www.szavaijanos.hu\/?page_id=38"},"modified":"2019-08-30T11:15:57","modified_gmt":"2019-08-30T10:15:57","slug":"francia","status":"publish","type":"page","link":"http:\/\/www.szavaijanos.hu\/?page_id=11","title":{"rendered":"Fr"},"content":{"rendered":"<p><a href=\"http:\/\/www.szavaijanos.hu\/wp-content\/uploads\/2019\/08\/Les-LdC-Automatikusan-mentett.docx\">)<\/a><a title=\"szavai_janos1.jpg\" href=\"http:\/\/www.szavaijanos.hu\/wp-content\/uploads\/2007\/03\/szavai_janos1.jpg\"><img decoding=\"async\" src=\"http:\/\/www.szavaijanos.hu\/wp-content\/uploads\/2007\/03\/szavai_janos1.nezokep.jpg\" alt=\"szavai_janos1.jpg\" \/><\/a> J\u00e1nos SZ\u00c1VAI professeur de litt\u00e9rature compar\u00e9e<\/p>\n<p><strong>\u00c9tudes:<\/strong> Universit\u00e9 ELTE de Budapest (avec Albert Gyergyai), Universit\u00e9 de Gen\u00e8ve (avec Jean Rousset et Jean Starobinski)<\/p>\n<p><strong>Faits: <\/strong>Enseignant \u00e0 l&#8217;Universit\u00e9 ELTE depuis 1975, professeur associ\u00e9 \u00e0 l&#8217;Universit\u00e9 de Paris III de 1982 \u00e0 1985, professeur \u00e0 ELTE depuis 1986, professeur \u00e0 l&#8217;Universit\u00e9 de Paris IV-Sorbonne entre 1994 et 2005. Ambassadeur de Hongrie en France de 1990 \u00e0 1994.<\/p>\n<p><strong>Publications en fran\u00e7ais:<\/strong><\/p>\n<p><strong><a title=\"maisonneuve.jpg\" href=\"http:\/\/www.szavaijanos.hu\/wp-content\/uploads\/2007\/04\/maisonneuve.jpg\"><img decoding=\"async\" src=\"http:\/\/www.szavaijanos.hu\/wp-content\/uploads\/2007\/04\/maisonneuve.nezokep.jpg\" alt=\"maisonneuve.jpg\" \/><\/a><\/strong> <em><strong>Introduction \u00e0 la litt\u00e9rature hongroise<\/strong> <\/em>Jean Maisonneuve, Paris, 1989.<\/p>\n<p><a title=\"lahongrie.jpg\" href=\"http:\/\/www.szavaijanos.hu\/wp-content\/uploads\/2007\/04\/lahongrie.jpg\"><img decoding=\"async\" src=\"http:\/\/www.szavaijanos.hu\/wp-content\/uploads\/2007\/04\/lahongrie.nezokep.jpg\" alt=\"lahongrie.jpg\" \/><\/a> <em>L<strong>a Hongrie<\/strong> <\/em>Que sais-je? PUF, Paris, 1996.<\/p>\n<p><a title=\"poto0207.JPG\" href=\"http:\/\/www.szavaijanos.hu\/wp-content\/uploads\/2007\/04\/poto0207.JPG\"><img decoding=\"async\" src=\"http:\/\/www.szavaijanos.hu\/wp-content\/uploads\/2007\/04\/poto0207.nezokep.JPG\" alt=\"poto0207.JPG\" \/><\/a><em><strong>Nouvelle po\u00e9sie hongroise<\/strong> (<\/em>avec Alain Lance) Caract\u00e8res, Paris, 2001.<\/p>\n<p><em><strong>Qui est libre?<\/strong> <\/em>(avec P. Ricoeur, M. Mar\u00f3th, M. Vajda) L&#8217;Harmattan, Paris, 2002.<\/p>\n<p><em>\u00a0 <strong>Probl\u00e9matique de la litt\u00e9rature europ\u00e9enne <\/strong><\/em>L&#8217;Harmattan, 2005.<\/p>\n<p><a title=\"Probl\u00e9matique\" href=\"http:\/\/www.szavaijanos.hu\/wp-content\/uploads\/2009\/12\/problematique1.jpg\"><img decoding=\"async\" src=\"http:\/\/www.szavaijanos.hu\/wp-content\/uploads\/2009\/12\/problematique1.nezokep.jpg\" alt=\"Probl\u00e9matique\" \/><\/a><\/p>\n<p><strong><em>Probl\u00e9matique du roman europ\u00e9en (avec Catherine MAYAUX), L&#8217;Harmattan, Paris, 2009.<\/em><\/strong><\/p>\n<p><strong><em>Romans europ\u00e9ens depuis 1960 (avec Catherine Mayaux), Honor\u00e9 Champion, Paris, 2016.<\/em><\/strong><\/p>\n<p><strong>Textes:<\/strong><\/p>\n<p>1. <a title=\"Ironie, dialogue et identit\u00e9 nationale\" href=\"http:\/\/www.szavaijanos.hu\/wp-content\/uploads\/2007\/03\/ironie2.doc\">Ironie, dialogue et identit\u00e9 nationale<\/a> (Le cas Gombrowicz et le cas Esterh\u00e1zy) Paru dans <em>Neohelicon <\/em>XXXII\/2.<\/p>\n<p>Les choses humaines ne sont pas dignes d&#8217;\u00eatre pris au s\u00e9rieux, n\u00e9anmoins nous devons les prendre au s\u00e9rieux. (Platon <em>Les Lois <\/em>VII. 803.\/b.)<\/p>\n<p>2. <a title=\"Dis la v\u00e9rit\u00e9 bien plus que le r\u00e9el\" href=\"http:\/\/www.szavaijanos.hu\/wp-content\/uploads\/2007\/03\/dis-la-verite-bien-plus-que-le-ree1.doc\">Dis la v\u00e9rit\u00e9 bien plus que le r\u00e9el<\/a> (M\u00e1rai et la probl\u00e9matique de la r\u00e9f\u00e9rentialit\u00e9)<\/p>\n<p>Le roman de M\u00e1rai est de 1941. Dans le passage cit\u00e9 il n&#8217;est pas difficile de reconna\u00eetre un vers c\u00e9l\u00e8bre d&#8217;Attila J\u00f3zsef, vers souvent cit\u00e9 de son <em>Salut \u00e0 Thomas Mann, &#8222;<\/em>Tu le sais que jamais un po\u00e8te ne ment\/ Dis-nous la v\u00e9rit\u00e9 plus loin que le r\u00e9el&#8221;. L&#8217;opposition des deux termes dont le premier dans nos trois exemples est rendu par v\u00e9rit\u00e9, tandis que le deuxi\u00e8me soit par r\u00e9el, soit par authentique, soit par faits, reprend un des grands d\u00e9bats philosophiques et esth\u00e9tique, revenu sur la sc\u00e8ne entre les deux guerres.<\/p>\n<p>M\u00e1rai est un grand lecteur de philosophes sto\u00efques, il n&#8217;est donc pas \u00e9tonnant qu&#8217;il reprenne le paradigme mis en forme par le po\u00e8te, paradigme dont on retrouve l&#8217;origine chez les premiers sto\u00efques.<\/p>\n<p><a title=\"kosztolanyi.jpg\" href=\"http:\/\/www.szavaijanos.hu\/wp-content\/uploads\/2009\/01\/kosztolanyi.jpg\"><img decoding=\"async\" src=\"http:\/\/www.szavaijanos.hu\/wp-content\/uploads\/2009\/01\/kosztolanyi.nezokep.jpg\" alt=\"kosztolanyi.jpg\" \/><\/a>3. <a title=\"Kosztol\u00e1nyi en France\" href=\"http:\/\/www.szavaijanos.hu\/wp-content\/uploads\/2007\/03\/kosztol-nyi-en-france.doc\">Kosztol\u00e1nyi en France<\/a> (L&#8217;attente combl\u00e9e: le 9e chapitre de Korn\u00e9l Esti) Paru in <em>Cahiers d&#8217;\u00e9tudes hongroises <\/em>2006\/13.<\/p>\n<p>Le texte fran\u00e7ais est donc \u00e0 la fois similaire et diff\u00e9rent du texte hongrois. Ce qui signifie que les deux cercles herm\u00e9neutiques sont similaires, mais non pas identiques. Si nous \u00e9voquons les termes forg\u00e9s par Heidegger et repris par Hans-Georg Gadamer, c&#8217;est-\u00e0-dire <em>Vorhabe <\/em>(pr\u00e9possession), <em>Vorsicht <\/em>(avant-regard) et <em>Vorgriff <\/em>(avant-saisie), nous pouvons constater que l&#8217;attente fran\u00e7aise contient beaucoup d&#8217;\u00e9l\u00e9ments pr\u00e9sents dans l&#8217;attente hongroise, mais que plusieurs \u00e9l\u00e9ments y manquent.<\/p>\n<p>4. <a title=\"La litt\u00e9rature hongroise et la France\" href=\"http:\/\/www.szavaijanos.hu\/wp-content\/uploads\/2007\/03\/la-litterature-hongroise-et-la-france.doc\">La litt\u00e9rature hongroise et la France<\/a><\/p>\n<p>La r\u00e9ception des textes comporte en g\u00e9n\u00e9ral trois \u00e9tapes. La premi\u00e8re serait donc la condition minima: la traduction et la publication. La deuxi\u00e8me est tout ce aui entoure le texte, c&#8217;est donc l&#8217;\u00e9pitexte. L&#8217;\u00e9pitexte est important, sinon indispensable, mais ne peut et ne doit \u00eatre, c&#8217;est \u00e9vident, la derni\u00e8re \u00e9tape. Car la troisi\u00e8me \u00e9tape serait ou devrait \u00eatre la v\u00e9ritable r\u00e9ception, autrement dit, l&#8217;entr\u00e9e du texte dans une certaine intertextualit\u00e9, ou, dans le meilleur des cas, dans le dialogue qui caract\u00e9rise les oeuvres faisant partie du canon. La troisi\u00e8me \u00e9tape serait donc la canonisation.<\/p>\n<p><a title=\"illyes-es-eluard.jpg\" href=\"http:\/\/www.szavaijanos.hu\/wp-content\/uploads\/2007\/03\/illyes-es-eluard.jpg\"><img decoding=\"async\" src=\"http:\/\/www.szavaijanos.hu\/wp-content\/uploads\/2007\/03\/illyes-es-eluard.nezokep.jpg\" alt=\"illyes-es-eluard.jpg\" \/><\/a> 5. <a title=\"Illy\u00e9s versus \u00c9luard\" href=\"http:\/\/www.szavaijanos.hu\/wp-content\/uploads\/2007\/03\/illyes-versus-eluard2.doc\">Illy\u00e9s versus \u00c9luard<\/a> ou l&#8217;\u00e9trange destin <em>d&#8217;Une phrase sur la tyrannie <\/em><\/p>\n<p>En septembre 1948 Paul \u00c9luard, plus beau fleuron de l&#8217;\u00e9quipe d&#8217;intellectuels r\u00e9unie autour du PC a fait un voyage en Europe Centrale. Il s&#8217;est rendu en Tch\u00e9coslovaquie et en Hongrie. Je l&#8217;ai rencontr\u00e9 moi-m\u00eame car il a visit\u00e9 \u00e0 Budapest la petite classe o\u00f9 nous avons juste commenc\u00e9 \u00e0 nous familiariser avec la langue fran\u00e7aise. Eluard, un beau monsieur avec des cheveux blancs, nous a distribu\u00e9 des bonbons. Nous savions d\u00e9j\u00e0 tous qu&#8217;il ne fallait jamais accepter des bonbons offerts par un monsieur inconnu. Mais Eluard, pr\u00e9sent\u00e9 par nos ma\u00eetres, n&#8217;\u00e9tait pas un inconnu. C&#8217;\u00e9tait quelqu&#8217;un de bien. A Prague, nous avons appris bien plus tard, par un roman de Milan Kundera, il n&#8217;a pas h\u00e9sit\u00e9 \u00e0 danser en rond avec de jeunes Tch\u00e8ques sur la place Venceslas. Au m\u00eame moment, ajoute m\u00e9chamment Kundera o\u00f9 des surr\u00e9alistes Tch\u00e8ques, ancien compagnons du feu surr\u00e9aliste Eluard, ont \u00e9t\u00e9 mis \u00e0 mort par les nouveau camarades du grand po\u00e8te.<\/p>\n<p><a title=\"gomby2.jpg\" href=\"http:\/\/www.szavaijanos.hu\/wp-content\/uploads\/2007\/12\/gomby2.jpg\"><em><img decoding=\"async\" src=\"http:\/\/www.szavaijanos.hu\/wp-content\/uploads\/2007\/12\/gomby2.nezokep.jpg\" alt=\"gomby2.jpg\" \/><\/em><\/a><em>\u00a06.<\/em><a title=\"Variations sur le roman ironique - Gombrowicz, Hrabal,Kert\u00e9sz, Esterh\u00e1zy\" href=\"http:\/\/www.szavaijanos.hu\/wp-content\/uploads\/2007\/12\/roman-europee1.doc\">Variations sur le roman ironique <em>&#8211;<\/em> Gombrowicz, Hrabal,Kert\u00e9sz, Esterh\u00e1zy<\/a><\/p>\n<p>7. <a title=\"Histoire litt\u00e9raire pour l\u2019Autre\" href=\"http:\/\/www.szavaijanos.hu\/wp-content\/uploads\/2008\/01\/lhistoire-litteraire-pour-lautre.doc\">Histoire litt\u00e9raire pour l\u2019Autre<\/a><\/p>\n<p><em>8. <a title=\"La Bible et la litt\u00e9rature hongroise\" href=\"http:\/\/www.szavaijanos.hu\/wp-content\/uploads\/2008\/04\/la_bible_et_la_litterature_hongroise.doc\">La Bible et la litt\u00e9rature hongroise<\/a>\u00a0in Bible et litt\u00e9rature, \u00c9d. du Cerf, Paris, 2016.<\/em><\/p>\n<p><em>\u00a0<a title=\"kerteszesterhazy.jpg\" href=\"http:\/\/www.szavaijanos.hu\/wp-content\/uploads\/2008\/04\/kerteszesterhazy.jpg\"><img decoding=\"async\" src=\"http:\/\/www.szavaijanos.hu\/wp-content\/uploads\/2008\/04\/kerteszesterhazy.nezokep.jpg\" alt=\"kerteszesterhazy.jpg\" \/><\/a><\/em><\/p>\n<p><a title=\"kerteszesterhazy.jpg\" href=\"http:\/\/www.szavaijanos.hu\/wp-content\/uploads\/2009\/01\/kerteszesterhazy.jpg\"><img decoding=\"async\" src=\"http:\/\/www.szavaijanos.hu\/wp-content\/uploads\/2009\/01\/kerteszesterhazy.nezokep.jpg\" alt=\"kerteszesterhazy.jpg\" \/><\/a><em>9.<a title=\"Roman europ\u00e9en - roman ironique\" href=\"http:\/\/www.szavaijanos.hu\/wp-content\/uploads\/2008\/04\/roman-europee1.doc\">Roman europ\u00e9en &#8211; roman ironique<\/a><\/em><\/p>\n<p><a title=\"camus.jpg\" href=\"http:\/\/www.szavaijanos.hu\/wp-content\/uploads\/2009\/01\/camus.jpg\"><img decoding=\"async\" src=\"http:\/\/www.szavaijanos.hu\/wp-content\/uploads\/2009\/01\/camus.nezokep.jpg\" alt=\"camus.jpg\" \/><\/a>10.\u00a0 <a title=\"lombre-ironique-de-camus.doc\" href=\"http:\/\/www.szavaijanos.hu\/wp-content\/uploads\/2009\/01\/lombre-ironique-de-camus.doc\">L&#8217;ombre (et lumi\u00e8re) ironique de Camus<\/a>\u00a0In Romans europ\u00e9ens depuis 1960 &#8211; R\u00e9\u00e9critures et regards sur une histoire partag\u00e9e &#8211; Honor\u00e9 Champion, 2016. pp. 33-43.<\/p>\n<p><a title=\"andregide.jpg\" href=\"http:\/\/www.szavaijanos.hu\/wp-content\/uploads\/2009\/03\/andregide.jpg\"><img decoding=\"async\" src=\"http:\/\/www.szavaijanos.hu\/wp-content\/uploads\/2009\/03\/andregide.nezokep.jpg\" alt=\"andregide.jpg\" \/><\/a>11. <a title=\"Variation sur l\u2019acte gratuit: Gide, Cocteau, M\u00e1rai\" href=\"http:\/\/www.szavaijanos.hu\/wp-content\/uploads\/2009\/03\/gide2.doc\">Variations\u00a0 sur l\u2019acte gratuit: Gide, Cocteau, M\u00e1rai<\/a><br \/>\n<a title=\"ujrairasok_042.pdf\" href=\"http:\/\/www.szavaijanos.hu\/wp-content\/uploads\/2009\/01\/ujrairasok_042.pdf\">Programme du colloque REECRITURES (REWRITINGS) le 30 et le 31 janvier 2009 Budapest<\/a><\/p>\n<p><a href=\"http:\/\/www.szavaijanos.hu\/wp-content\/uploads\/2007\/03\/verlaine.jpg\"><img loading=\"lazy\" decoding=\"async\" class=\"alignleft size-full wp-image-1088\" title=\"verlaine\" src=\"http:\/\/www.szavaijanos.hu\/wp-content\/uploads\/2007\/03\/verlaine.jpg\" alt=\"\" width=\"190\" height=\"300\" \/><\/a><\/p>\n<p>12.\u00a0 &#8222;Ni tout \u00e0 fait la m\u00eame ni tout \u00e0 fait une autre: <a title=\"Ips\u00e9it\u00e9 ou alt\u00e9rit\u00e9\" href=\"http:\/\/www.szavaijanos.hu\/wp-content\/uploads\/2011\/06\/baudelaire-mallarme.doc\">Ips\u00e9it\u00e9 ou alt\u00e9rit\u00e9<\/a><\/p>\n<p><a href=\"http:\/\/www.szavaijanos.hu\/wp-content\/uploads\/2007\/03\/Ricoeur.jpg\"><img decoding=\"async\" class=\"aligncenter size-full wp-image-994\" title=\"Ricoeur\" src=\"http:\/\/www.szavaijanos.hu\/wp-content\/uploads\/2007\/03\/Ricoeur.jpg\" alt=\"\" \/><\/a><\/p>\n<p>&nbsp;<\/p>\n<p>&nbsp;<\/p>\n<p>&nbsp;<\/p>\n<p>&nbsp;<\/p>\n<p>&nbsp;<\/p>\n<p>&nbsp;<\/p>\n<p>13.\u00a0\u00a0 <a title=\"M\u00e9diations imaginaires\" href=\"http:\/\/www.szavaijanos.hu\/wp-content\/uploads\/2011\/06\/mediations-imaginaires.doc\">M\u00e9diations imaginaires ou la trace comme structure mixte<\/a><\/p>\n<p>&nbsp;<\/p>\n<p>&nbsp;<\/p>\n<p>&nbsp;<\/p>\n<p>&nbsp;<\/p>\n<p><a href=\"http:\/\/www.szavaijanos.hu\/wp-content\/uploads\/2007\/03\/kert\u00e9szimre1.jpg\"><img loading=\"lazy\" decoding=\"async\" class=\"alignleft size-thumbnail wp-image-1085\" title=\"kert\u00e9szimre\" src=\"http:\/\/www.szavaijanos.hu\/wp-content\/uploads\/2007\/03\/kert\u00e9szimre1-150x150.jpg\" alt=\"\" width=\"150\" height=\"150\" \/><\/a><\/p>\n<p><a title=\"M\u00e9diations imaginaires\" href=\"http:\/\/www.szavaijanos.hu\/wp-content\/uploads\/2011\/06\/mediations-imaginaires.doc\">14<\/a><a href=\"http:\/\/www.szavaijanos.hu\/wp-content\/uploads\/2007\/03\/Entre-litt\u00e9rature-et-non.doc\">.\u00a0 <\/a><a href=\"http:\/\/www.szavaijanos.hu\/wp-content\/uploads\/2007\/03\/Entre-litt\u00e9rature-et-non.doc\">Litt\u00e9rature du Non et Journal personnel<\/a><\/p>\n<p><a title=\"M\u00e9diations imaginaires\" href=\"http:\/\/www.szavaijanos.hu\/wp-content\/uploads\/2011\/06\/mediations-imaginaires.doc\">\u00a0<\/a><\/p>\n<p>&nbsp;<\/p>\n<p>&nbsp;<\/p>\n<p>&nbsp;<\/p>\n<p>&nbsp;<\/p>\n<p>15. <a href=\"http:\/\/www.szavaijanos.hu\/wp-content\/uploads\/2007\/03\/DESTOUCHES-SEMMELWEIS.doc\">DESTOUCHES, \u00a0SEMMELWEIS<\/a>, C\u00c9LINE (Hungarian Studies 1913\/1)<\/p>\n<p>16. Weltliteratur a g\u00e9om\u00e9trie variable (Conf\u00e9rence a Barcelone le 16 juin 2016<a href=\"http:\/\/www.szavaijanos.hu\/wp-content\/uploads\/2019\/04\/WE261.docx\">WE261<\/a><\/p>\n<p><em>17.<a href=\"http:\/\/www.szavaijanos.hu\/wp-content\/uploads\/2019\/04\/LES-\u00c9DITIONS-NRF11.docx\">LES \u00c9DITIONS NRF<\/a>\u00a0et la litt\u00e9rature hongroise<\/em><\/p>\n<p>18.\u00a0 <a href=\"http:\/\/www.szavaijanos.hu\/wp-content\/uploads\/2019\/08\/Les-LdC-Automatikusan-mentett.docx\">Les <\/a>\u00a0labyrinthes de la canonisation. Communication au colloque de Veszpr\u00e9m, mai 2019<\/p>\n<p>&nbsp;<\/p>\n<p><em>Fronti\u00e8res de l&#8217;histoire litt\u00e9raire &#8211; <\/em>Colloque organis\u00e9 par le CIEH et le CERC le 10 novembre 2007<\/p>\n<p><strong><em>\u00a0<a title=\"colloque Fronti\u00e8res de l\u2019histoire litt\u00e9raire\" href=\"http:\/\/www.szavaijanos.hu\/wp-content\/uploads\/2007\/05\/colloquefrontieres.doc\">colloque Fronti\u00e8res de l\u2019histoire litt\u00e9raire<\/a><\/em><\/strong><\/p>\n<p><strong><em><a title=\"Programme du colloque\" href=\"http:\/\/www.szavaijanos.hu\/wp-content\/uploads\/2007\/07\/programme.rtf\">Programme du colloque<\/a><\/em><\/strong><\/p>\n<p><strong><em>Colloque Centre et p\u00e9rif\u00e9rie &#8211; oragnis\u00e9 par le CIEH et le CERC Paris, le 24 et le 25 octobre 2008<\/em><\/strong><\/p>\n<p><strong><em><a title=\"programme du colloque\" href=\"http:\/\/www.szavaijanos.hu\/wp-content\/uploads\/2008\/10\/pourfabulabessiere.rtf\">programme du colloque<\/a><\/em><\/strong><\/p>\n<p>C<strong><em>COLLABORATION ELTE Budapest-Universit\u00e9 de CERGY<\/em><\/strong><\/p>\n<p><a title=\"Colloque Roman europ\u00e9en d\u00e9cembre 2007\" href=\"http:\/\/www.szavaijanos.hu\/wp-content\/uploads\/2007\/04\/programme-provisoire-roman-europeen.doc\">Colloque Roman europ\u00e9en d\u00e9cembre 2007<\/a> (Programme provisoire)<\/p>\n<p><a title=\"Roman europ\u00e9en 1960-2007\" href=\"http:\/\/www.szavaijanos.hu\/wp-content\/uploads\/2007\/04\/roman-1960-2007.doc\">Roman europ\u00e9en 1960-2007<\/a> (Appel \u00e0 contribution)<\/p>\n<p><a title=\"Proposition VHM France-Hongrie\" href=\"http:\/\/www.szavaijanos.hu\/wp-content\/uploads\/2007\/05\/proposition-vhm-france-hongire.doc\">Proposition Violette Houdart-Melot France-Hongrie<\/a><\/p>\n<p><a title=\"Programme du colloque Roman europ\u00e9en 1960-2007\" href=\"http:\/\/www.szavaijanos.hu\/wp-content\/uploads\/2007\/11\/version-depliant1.doc\">Programme du colloque Roman europ\u00e9en 1960-2007<\/a><\/p>\n<p><a title=\"Avant-propos au volume Porbl\u00e9matique du roman europ\u00e9en 1960-2007\" href=\"http:\/\/www.szavaijanos.hu\/wp-content\/uploads\/2008\/06\/avant-propos_roman_europeen1.doc\">Avant-propos au volume Probl\u00e9matique du roman europ\u00e9en 1960-2007<\/a>\u00a0(avec Catherine Mayaux Univ. de Cergy-Pontoise)<\/p>\n<p><a title=\"R\u00c9\u00c9CRITURES\" href=\"http:\/\/www.szavaijanos.hu\/wp-content\/uploads\/2009\/01\/ujrairasok_04.pdf\">R\u00c9\u00c9CRITURES<\/a>\u00a0Programme du colloque organis\u00e9 par ELTE Budapest et l&#8217;Universit\u00e9 de Cergy-Pontoise &#8211; Budapest, le 30 et le 31 janvier 2009<\/p>\n<p><a title=\"konferenc2.pdf\" href=\"http:\/\/www.szavaijanos.hu\/wp-content\/uploads\/2009\/01\/konferenc2.pdf\">konferenc2.pdf<\/a><\/p>\n<p>ROMAN EUROP\u00c9EN 1960-2007<\/p>\n<p>Textes de Mary Gallagher, Catherine Mayaux, J\u00e1nos Sz\u00e1vai, Violaine Houdart-M\u00e9rot, Fran\u00e7oise R\u00e9tif, Fran\u00e7oise Moulin-Civil, Christine Baron, Dorottya Sz\u00e1vai, Maria Delaperri\u00e8re, Csaba Horv\u00e1th.<\/p>\n<p><a title=\"Colloque 2010\">Colloque 2010<\/a><\/p>\n<p><a title=\"communication au congr\u00e8s Temps, Espaces, Langues, Paris d\u00e9cembre 2006\" href=\"http:\/\/www.szavaijanos.hu\/wp-content\/uploads\/2009\/03\/indexphp.htm\">Communication au congr\u00e8s Temps, Espaces, Langues, Paris d\u00e9cembre 2006 (vid\u00e9o)<br \/>\n<\/a><\/p>\n","protected":false},"excerpt":{"rendered":"<p>) J\u00e1nos SZ\u00c1VAI professeur de litt\u00e9rature compar\u00e9e \u00c9tudes: Universit\u00e9 ELTE de Budapest (avec Albert Gyergyai), Universit\u00e9 de Gen\u00e8ve (avec Jean Rousset et Jean Starobinski) Faits: Enseignant \u00e0 l&#8217;Universit\u00e9 ELTE depuis 1975, professeur associ\u00e9 \u00e0 l&#8217;Universit\u00e9 de Paris III de 1982 \u00e0 1985, professeur \u00e0 ELTE depuis 1986, professeur \u00e0 l&#8217;Universit\u00e9 de Paris IV-Sorbonne entre 1994 [&hellip;]<\/p>\n","protected":false},"author":1,"featured_media":0,"parent":0,"menu_order":6,"comment_status":"open","ping_status":"open","template":"","meta":{"footnotes":""},"class_list":["post-11","page","type-page","status-publish","hentry"],"_links":{"self":[{"href":"http:\/\/www.szavaijanos.hu\/index.php?rest_route=\/wp\/v2\/pages\/11","targetHints":{"allow":["GET"]}}],"collection":[{"href":"http:\/\/www.szavaijanos.hu\/index.php?rest_route=\/wp\/v2\/pages"}],"about":[{"href":"http:\/\/www.szavaijanos.hu\/index.php?rest_route=\/wp\/v2\/types\/page"}],"author":[{"embeddable":true,"href":"http:\/\/www.szavaijanos.hu\/index.php?rest_route=\/wp\/v2\/users\/1"}],"replies":[{"embeddable":true,"href":"http:\/\/www.szavaijanos.hu\/index.php?rest_route=%2Fwp%2Fv2%2Fcomments&post=11"}],"version-history":[{"count":26,"href":"http:\/\/www.szavaijanos.hu\/index.php?rest_route=\/wp\/v2\/pages\/11\/revisions"}],"predecessor-version":[{"id":2112,"href":"http:\/\/www.szavaijanos.hu\/index.php?rest_route=\/wp\/v2\/pages\/11\/revisions\/2112"}],"wp:attachment":[{"href":"http:\/\/www.szavaijanos.hu\/index.php?rest_route=%2Fwp%2Fv2%2Fmedia&parent=11"}],"curies":[{"name":"wp","href":"https:\/\/api.w.org\/{rel}","templated":true}]}}