{"id":265,"date":"2009-01-20T16:30:05","date_gmt":"2009-01-20T15:30:05","guid":{"rendered":"http:\/\/www.szavaijanos.hu\/?page_id=265"},"modified":"2023-07-14T16:25:49","modified_gmt":"2023-07-14T15:25:49","slug":"dokumentumok","status":"publish","type":"page","link":"http:\/\/www.szavaijanos.hu\/?page_id=265","title":{"rendered":"Dokumentumok"},"content":{"rendered":"<p><a title=\"gyergyaialbert.jpg\" href=\"http:\/\/www.szavaijanos.hu\/wp-content\/uploads\/2009\/05\/gyergyaialbert.jpg\"><img decoding=\"async\" src=\"http:\/\/www.szavaijanos.hu\/wp-content\/uploads\/2009\/05\/gyergyaialbert.nezokep.jpg\" alt=\"gyergyaialbert.jpg\"><\/a><a title=\"gyergyaibeszelo.htm\" href=\"http:\/\/www.szavaijanos.hu\/wp-content\/uploads\/2009\/05\/gyergyaibeszelo.htm\"> 1\/ Gyergyai Albert \u00fatlev\u00e9l-\u00fcgye <\/a><\/p>\n<p>A Besz\u00e9l\u0151 k\u00f6z\u00f6lte 1997-ben a Gyergyai Albertr\u0151l, a Francia Tansz\u00e9k egykori vezet\u0151j\u00e9r\u0151l k\u00e9sz\u00fclt bes\u00fag\u00f3i jelent\u00e9seket. Minthogy ismertem a t\u00f6rt\u00e9net m\u00e1sik oldal\u00e1t, vagyis hogy \u0151 hogyan \u00e9lte meg a kellemetlenked\u00e9seket, az eltilt\u00e1sokat, r\u00f6viden komment\u00e1ltam az els\u0151 k\u00f6zlem\u00e9nyt, s hozz\u00e1tettem mag\u00e1nak Gyergyainak k\u00e9ziratban maradt feljegyz\u00e9s\u00e9t &#8222;\u00fatlev\u00e9l-kalandjair\u00f3l.&#8221;<\/p>\n<p><a title=\"portrait2js-024.jpg\" href=\"http:\/\/www.szavaijanos.hu\/wp-content\/uploads\/2011\/05\/portrait2js-024.jpg\"><img decoding=\"async\" src=\"http:\/\/www.szavaijanos.hu\/wp-content\/uploads\/2011\/05\/portrait2js-024.nezokep.jpg\" alt=\"portrait2js-024.jpg\"><\/a><\/p>\n<p><a title=\"Hetven\" href=\"http:\/\/www.szavaijanos.hu\/wp-content\/uploads\/2010\/03\/napkut2.doc\">2\/ Hetven&nbsp; (Napk\u00fat 2009\/10.)<br>\n<\/a><\/p>\n<p>Mert akad itt m\u00e1sforma neh\u00e9zs\u00e9g is. Tudni illik: a ki vagyok meg a mi vagyok k\u00e9rd\u00e9se. Az embert, mondja Emmanuel L\u00e9vinas (\u00e9s neh\u00e9z volna m\u00e1st gondolnom), az arca jelenti. Nem pedig a kontextusa. <em>Az ember t\u00f6bbnyire &#8222;szem\u00e9lyis\u00e9g&#8221;: professzor a Sorbonne-on, az Alkotm\u00e1nyb\u00edr\u00f3s\u00e1g aleln\u00f6ke, X. gyermeke, mindaz, ami az \u00fatlevel\u00e9ben \u00e1ll, az \u00f6lt\u00f6zk\u00f6d\u00e9se, a megjelen\u00e9se.<\/em><\/p>\n<p><a title=\"portrait2js.jpg\" href=\"http:\/\/www.szavaijanos.hu\/wp-content\/uploads\/2011\/02\/portrait2js.jpg\"><br>\n<\/a><\/p>\n<p>&nbsp;<\/p>\n<p>&nbsp;<\/p>\n<p>4\/ <a title=\"1989. j\u00fanius 16.  vagy azok a kiv\u00e9teles pillanatok\" href=\"http:\/\/www.szavaijanos.hu\/wp-content\/uploads\/2010\/10\/1989.doc\">1989. j\u00fanius 16. vagy azok a kiv\u00e9teles pillanatok (Magyar Szemle 2010. \u00e1prilis)<br>\n<\/a><\/p>\n<p><a title=\"CIEF konferencia\" href=\"http:\/\/www.szavaijanos.hu\/wp-content\/uploads\/2011\/05\/snv89072.JPG\"><br>\n<\/a><\/p>\n<p><a title=\"CIEF konferencia\" href=\"http:\/\/www.szavaijanos.hu\/wp-content\/uploads\/2011\/05\/snv89072.JPG\"><img decoding=\"async\" src=\"http:\/\/www.szavaijanos.hu\/wp-content\/uploads\/2011\/05\/snv89072.nezokep.JPG\" alt=\"CIEF konferencia\"><\/a><\/p>\n<p>5\/ <a title=\"J\u00e1nossy Lajos interj\u00faja (Litera) C\u00e9line-r\u0151l \u00e9s a ford\u00edt\u00e1sr\u00f3l\" href=\"http:\/\/www.szavaijanos.hu\/wp-content\/uploads\/2011\/02\/utazas-litera.doc\">J\u00e1nossy Lajos interj\u00faja C\u00e9line-r\u0151l \u00e9s a ford\u00edt\u00e1sr\u00f3l (Litera 2011. janu\u00e1r 20.)<\/a><\/p>\n<p><a href=\"http:\/\/www.szavaijanos.hu\/wp-content\/uploads\/2009\/01\/Habilit\u00e1ci\u00f3megh\u00edv\u00f3.doc\">Habilit\u00e1ci\u00f3megh\u00edv\u00f3<\/a><a title=\"J\u00e1nossy Lajos interj\u00faja (Litera) C\u00e9line-r\u0151l \u00e9s a ford\u00edt\u00e1sr\u00f3l\" href=\"http:\/\/www.szavaijanos.hu\/wp-content\/uploads\/2011\/02\/utazas-litera.doc\">&nbsp;&nbsp; <\/a><a href=\"http:\/\/www.szavaijanos.hu\/wp-content\/uploads\/2009\/01\/eltebtk.jpg\"><img loading=\"lazy\" decoding=\"async\" class=\"alignnone size-thumbnail wp-image-717\" title=\"eltebtk\" src=\"http:\/\/www.szavaijanos.hu\/wp-content\/uploads\/2009\/01\/eltebtk-150x150.jpg\" alt=\"\" width=\"150\" height=\"150\"><\/a><\/p>\n<p><a href=\"http:\/\/www.szavaijanos.hu\/wp-content\/uploads\/2009\/01\/essz\u00e9k1.rtf\">Pascal \u00f6rv\u00e9nye essz\u00e9k<\/a><a title=\"J\u00e1nossy Lajos interj\u00faja (Litera) C\u00e9line-r\u0151l \u00e9s a ford\u00edt\u00e1sr\u00f3l\" href=\"http:\/\/www.szavaijanos.hu\/wp-content\/uploads\/2011\/02\/utazas-litera.doc\"><br>\n<\/a><\/p>\n\n\n<p><a href=\"http:\/\/Zene \u00e9s irodalom 2022\" data-wplink-url-error=\"true\">http:\/\/Zene \u00e9s irodalom 2022<\/a><\/p>\n\n\n<p><a href=\"http:\/\/eml\u00e9kbesz\u00e9d2023\" data-wplink-url-error=\"true\">http:\/\/eml\u00e9kbesz\u00e9d2023<\/a><\/p>","protected":false},"excerpt":{"rendered":"<p>1\/ Gyergyai Albert \u00fatlev\u00e9l-\u00fcgye A Besz\u00e9l\u0151 k\u00f6z\u00f6lte 1997-ben a Gyergyai Albertr\u0151l, a Francia Tansz\u00e9k egykori vezet\u0151j\u00e9r\u0151l k\u00e9sz\u00fclt bes\u00fag\u00f3i jelent\u00e9seket. Minthogy ismertem a t\u00f6rt\u00e9net m\u00e1sik oldal\u00e1t, vagyis hogy \u0151 hogyan \u00e9lte meg a kellemetlenked\u00e9seket, az eltilt\u00e1sokat, r\u00f6viden komment\u00e1ltam az els\u0151 k\u00f6zlem\u00e9nyt, s hozz\u00e1tettem mag\u00e1nak Gyergyainak k\u00e9ziratban maradt feljegyz\u00e9s\u00e9t &#8222;\u00fatlev\u00e9l-kalandjair\u00f3l.&#8221; 2\/ Hetven&nbsp; (Napk\u00fat 2009\/10.) Mert akad itt [&hellip;]<\/p>\n","protected":false},"author":4,"featured_media":0,"parent":0,"menu_order":0,"comment_status":"open","ping_status":"open","template":"","meta":{"footnotes":""},"class_list":["post-265","page","type-page","status-publish","hentry"],"_links":{"self":[{"href":"http:\/\/www.szavaijanos.hu\/index.php?rest_route=\/wp\/v2\/pages\/265","targetHints":{"allow":["GET"]}}],"collection":[{"href":"http:\/\/www.szavaijanos.hu\/index.php?rest_route=\/wp\/v2\/pages"}],"about":[{"href":"http:\/\/www.szavaijanos.hu\/index.php?rest_route=\/wp\/v2\/types\/page"}],"author":[{"embeddable":true,"href":"http:\/\/www.szavaijanos.hu\/index.php?rest_route=\/wp\/v2\/users\/4"}],"replies":[{"embeddable":true,"href":"http:\/\/www.szavaijanos.hu\/index.php?rest_route=%2Fwp%2Fv2%2Fcomments&post=265"}],"version-history":[{"count":11,"href":"http:\/\/www.szavaijanos.hu\/index.php?rest_route=\/wp\/v2\/pages\/265\/revisions"}],"predecessor-version":[{"id":2519,"href":"http:\/\/www.szavaijanos.hu\/index.php?rest_route=\/wp\/v2\/pages\/265\/revisions\/2519"}],"wp:attachment":[{"href":"http:\/\/www.szavaijanos.hu\/index.php?rest_route=%2Fwp%2Fv2%2Fmedia&parent=265"}],"curies":[{"name":"wp","href":"https:\/\/api.w.org\/{rel}","templated":true}]}}

<p><a title="gyergyaialbert.jpg" href="http://www.szavaijanos.hu/wp-content/uploads/2009/05/gyergyaialbert.jpg"><img decoding="async" src="http://www.szavaijanos.hu/wp-content/uploads/2009/05/gyergyaialbert.nezokep.jpg" alt="gyergyaialbert.jpg"></a><a title="gyergyaibeszelo.htm" href="http://www.szavaijanos.hu/wp-content/uploads/2009/05/gyergyaibeszelo.htm"> 1/ Gyergyai Albert útlevél-ügye </a></p>
<p>A Beszélő közölte 1997-ben a Gyergyai Albertről, a Francia Tanszék egykori vezetőjéről készült besúgói jelentéseket. Minthogy ismertem a történet másik oldalát, vagyis hogy ő hogyan élte meg a kellemetlenkedéseket, az eltiltásokat, röviden kommentáltam az első közleményt, s hozzátettem magának Gyergyainak kéziratban maradt feljegyzését &#8222;útlevél-kalandjairól.&#8221;</p>
<p><a title="portrait2js-024.jpg" href="http://www.szavaijanos.hu/wp-content/uploads/2011/05/portrait2js-024.jpg"><img decoding="async" src="http://www.szavaijanos.hu/wp-content/uploads/2011/05/portrait2js-024.nezokep.jpg" alt="portrait2js-024.jpg"></a></p>
<p><a title="Hetven" href="http://www.szavaijanos.hu/wp-content/uploads/2010/03/napkut2.doc">2/ Hetven&nbsp; (Napkút 2009/10.)<br>
</a></p>
<p>Mert akad itt másforma nehézség is. Tudni illik: a ki vagyok meg a mi vagyok kérdése. Az embert, mondja Emmanuel Lévinas (és nehéz volna mást gondolnom), az arca jelenti. Nem pedig a kontextusa. <em>Az ember többnyire &#8222;személyiség&#8221;: professzor a Sorbonne-on, az Alkotmánybíróság alelnöke, X. gyermeke, mindaz, ami az útlevelében áll, az öltözködése, a megjelenése.</em></p>
<p><a title="portrait2js.jpg" href="http://www.szavaijanos.hu/wp-content/uploads/2011/02/portrait2js.jpg"><br>
</a></p>
<p>&nbsp;</p>
<p>&nbsp;</p>
<p>4/ <a title="1989. június 16.  vagy azok a kivételes pillanatok" href="http://www.szavaijanos.hu/wp-content/uploads/2010/10/1989.doc">1989. június 16. vagy azok a kivételes pillanatok (Magyar Szemle 2010. április)<br>
</a></p>
<p><a title="CIEF konferencia" href="http://www.szavaijanos.hu/wp-content/uploads/2011/05/snv89072.JPG"><br>
</a></p>
<p><a title="CIEF konferencia" href="http://www.szavaijanos.hu/wp-content/uploads/2011/05/snv89072.JPG"><img decoding="async" src="http://www.szavaijanos.hu/wp-content/uploads/2011/05/snv89072.nezokep.JPG" alt="CIEF konferencia"></a></p>
<p>5/ <a title="Jánossy Lajos interjúja (Litera) Céline-ről és a fordításról" href="http://www.szavaijanos.hu/wp-content/uploads/2011/02/utazas-litera.doc">Jánossy Lajos interjúja Céline-ről és a fordításról (Litera 2011. január 20.)</a></p>
<p><a href="http://www.szavaijanos.hu/wp-content/uploads/2009/01/Habilitációmeghívó.doc">Habilitációmeghívó</a><a title="Jánossy Lajos interjúja (Litera) Céline-ről és a fordításról" href="http://www.szavaijanos.hu/wp-content/uploads/2011/02/utazas-litera.doc">&nbsp;&nbsp; </a><a href="http://www.szavaijanos.hu/wp-content/uploads/2009/01/eltebtk.jpg"><img loading="lazy" decoding="async" class="alignnone size-thumbnail wp-image-717" title="eltebtk" src="http://www.szavaijanos.hu/wp-content/uploads/2009/01/eltebtk-150x150.jpg" alt="" width="150" height="150"></a></p>
<p><a href="http://www.szavaijanos.hu/wp-content/uploads/2009/01/esszék1.rtf">Pascal örvénye esszék</a><a title="Jánossy Lajos interjúja (Litera) Céline-ről és a fordításról" href="http://www.szavaijanos.hu/wp-content/uploads/2011/02/utazas-litera.doc"><br>
</a></p>


<p><a href="http://Zene és irodalom 2022" data-wplink-url-error="true">http://Zene és irodalom 2022</a></p>


<p><a href="http://emlékbeszéd2023" data-wplink-url-error="true">http://emlékbeszéd2023</a></p>

<p>1/ Gyergyai Albert útlevél-ügye A Beszélő közölte 1997-ben a Gyergyai Albertről, a Francia Tanszék egykori vezetőjéről készült besúgói jelentéseket. Minthogy ismertem a történet másik oldalát, vagyis hogy ő hogyan élte meg a kellemetlenkedéseket, az eltiltásokat, röviden kommentáltam az első közleményt, s hozzátettem magának Gyergyainak kéziratban maradt feljegyzését &#8222;útlevél-kalandjairól.&#8221; 2/ Hetven&nbsp; (Napkút 2009/10.) Mert akad itt [&hellip;]</p>
